- 4/(-6). Suppose -4*f + 0 = -a - 5, -5*f = -p*a - 9. What is r(f)?
-3
Let r(l) = l**3 + l**2 - 2*l + 4. Let t be r(-3). Let d = t - -13. Let u(x) = -3*x - 2*x**2 - x**3 - 3*x + d*x. Determine u(-1).
0
Let i(x) = 2*x - 4*x + 2*x - 1 + x. Let z(p) = p - 6. Let q(r) = -2*i(r) + z(r). Give q(0).
-4
Let i(y) = y + 1. Let d(g) = -2*g**2 - 11*g - 6. Let p(b) = -d(b) - 4*i(b). What is p(-5)?
17
Suppose 5*w + 3*o - o = -23, -3*w + 5*o - 20 = 0. Let v(s) be the first derivative of -1/4*s**4 - 3/2*s**2 + 7*s - 2*s**3 - 2. Calculate v(w).
-3
Let u(r) = 3*r - 3. Suppose -h + 10 = h. Determine u(h).
12
Let s(v) = v. Let b(w) = 10*w - 3. Let n(o) = -b(o) + 3*s(o). What is n(4)?
-25
Let t(q) = q**3 + 4*q**2 - 4*q. Let j = -5 + 9. Suppose 7*x = j*x + 15. Suppose -k + 0*k - 3*a = 14, x*k + 2*a = -31. Determine t(k).
-5
Let g(j) = 3*j + 3 - 2 + j**2 + 2. Suppose 20 = -l + 4*d, 0 = -0*l - 4*l - 4*d. Determine g(l).
7
Let x(d) be the third derivative of d**5/15 + d**4/24 + 2*d**3/3 - 2*d**2. Let w(z) = 9*z**2 + 3*z + 9. Let n(q) = 6*w(q) - 14*x(q). What is n(3)?
-8
Let k(u) = 8*u**2 + u + 9. Let c(r) = -7*r**2 - 8. Let y(d) = -7*c(d) - 6*k(d). Suppose q = -2*q + 36. Let s = -8 + q. Calculate y(s).
-6
Suppose -16 = -4*v - 0*v. Suppose 0 = v*t + 1 - 5. Let b(l) = 4*l**2 + l**2 + 2*l**3 - 1 - 3*l**2. Determine b(t).
3
Let i(x) = -x**2 - 5*x - 1. Let r be i(-2). Let h(m) = -m**2 + 3*m. Determine h(r).
-10
Let x = -17 + 21. Let d(j) = -5 - x*j - 8 + 10. What is d(-2)?
5
Let z be ((-3)/6)/(1/(-10)). Let h(b) be the first derivative of -1/2*b**2 + 2 - b. Give h(z).
-6
Let n be 0 + -2 + 1 - -15. Let w = -15 + n. Let y(c) = -3*c + 3 - 6*c**2 + 4*c - 2. What is y(w)?
-6
Let l(p) = p**3 - 4*p**2 - p - 4. Suppose 4 = 7*z - 5*z. Suppose -m + w + 1 = 2*w, 14 = z*m - w. Calculate l(m).
16
Let g be 6*(-2)/(-8)*-2. Let n be 0 + 3/3 - g. Let l(w) = -5*w**2 - 8*w + 4. Let o(j) = 9*j**2 + 15*j - 7. Let y(t) = n*o(t) + 7*l(t). Give y(-3).
-3
Let x(j) = -j + 1. Let q(i) = -i. Let d(v) = -3*q(v) + x(v). Give d(-3).
-5
Let h(l) be the third derivative of 2/3*l**3 + 0 - 4*l**2 + 0*l + 1/8*l**4 - 1/120*l**6 + 1/15*l**5. Give h(5).
-6
Let c(o) = 4*o + 2. Suppose -20*k + 7*k = 26. Give c(k).
-6
Suppose 4*x - 1 = p, -15 = 3*p - 0*p. Let n(q) = 15*q**2 - q - 1. Give n(x).
15
Let c(h) = -h. Let i(o) = 2*o - 1. Let q(n) = 5*c(n) + 4*i(n). What is q(-5)?
-19
Let w(m) = -m. Let g(t) = -t - 1. Let z(n) = 3*g(n) - 5*w(n). Give z(-3).
-9
Suppose -5*s + 42 = -3. Let l(c) = 12*c**3 - 2*c**3 - 1 - s - 19*c - 16*c**2. Let d(b) = 7*b**3 - 11*b**2 - 13*b - 7. Let q(p) = 7*d(p) - 5*l(p). Give q(4).
1
Suppose g = 3*y + y - 2, -7 = -g - 5*y. Let t(f) be the first derivative of -f**3/3 - 3*f**2/2 + 3*f + 1. Calculate t(g).
-7
Let i(u) = -u**2 - 2*u + 1. Let v(s) = 1. Let b(z) = -i(z) - 3*v(z). Suppose 0 = 3*k + 24 + 3. Let y be 5 + k + 1/1. What is b(y)?
-1
Let x(y) = 0*y + 16 + 0*y - 12 + 4*y. Give x(-5).
-16
Suppose -2*o = -60 - 0. Suppose o = -2*d - 3*d. Let m(p) = 7 + 1 - 4 + 5 + 3*p. Determine m(d).
-9
Suppose -4*c + 5*c + 4*b = 3, 36 = 5*c - b. Let l(z) = 2*z**2 - 6 + 2 - 1 + z**3 - c*z + 3*z**2. Calculate l(-6).
1
Suppose -v - 14 = b, -b + 0*b - 29 = 4*v. Let i(t) = -t**2 - 11*t - 13. Determine i(b).
5
Let l(p) be the third derivative of p**5/60 - p**4/6 + p**3/2 - p**2. Let w(c) = -2*c - 1. Let j = 1 - 3. Let d be w(j). Give l(d).
0
Suppose 0*b = -b - 2, 0 = 4*w + b - 6. Suppose -w*u = -12 + 2. Let m(g) = 2*g - 5. Calculate m(u).
5
Let z(j) be the third derivative of 0 - j**3 + 0*j - j**2 + 1/12*j**4. Calculate z(4).
2
Let i = 471 + -479. Let r(w) be the first derivative of w**3/3 + 7*w**2/2 - 5*w - 1. Calculate r(i).
3
Suppose -3 + 0 = -d. Let i(o) = -1 + 2*o**2 + 2*o - d*o**3 - 1 + 3*o**2 + 4*o**3. Determine i(-4).
6
Suppose 2*w = -3*w. Suppose 2*f = -f + 9. Let t(j) = 0*j + 2*j + f*j - 6*j + 6. Determine t(w).
6
Let n = 8 + -5. Let i be -4 + n/6*0. Let t(w) = w + 4. Determine t(i).
0
Let a = 14 + -11. Suppose 21 = -a*f + 4*t - 5*t, -9 = 4*f - 5*t. Let n(x) = -x - 2. Give n(f).
4
Let i(u) = -7 + 1 - u**2 + 2*u - u + 4 + u**3. Let w = -2 - -4. Determine i(w).
4
Let x(d) = -7*d + 81. Let t(n) = 3*n - 41. Let w(o) = 11*t(o) + 6*x(o). Let b(j) = 5*j - 18. Let r(s) = 11*b(s) + 6*w(s). What is r(-6)?
6
Let a = -3 + 6. Suppose 3*l + 27 = a*m, -2*m - l + 22 = -4*l. Suppose 6*d + 3 = m*d. Let b(u) = u. Determine b(d).
-3
Let z(f) = -f**2 - 6*f + 4. Let l be z(-5). Suppose 0 = 2*p + 3 - l. Let r(x) = 2*x - 6*x + p*x. Calculate r(-3).
3
Let c(o) be the second derivative of 0*o**2 + 1/360*o**6 + 0 - 1/3*o**3 + 1/60*o**5 - 1/6*o**4 + 3*o. Let l(z) be the second derivative of c(z). What is l(-4)?
4
Let x(h) be the second derivative of h**4/12 + h**3/6 - h**2 + 6*h. Determine x(-4).
10
Let z = 1 - -1. Let v(o) = 2 - o**3 + o - 2*o**2 + 2*o**3 - 1 - o**z. Give v(2).
-1
Let u(q) = -4*q - 3. Let t(w) = w**3 - 5*w**2 + 4*w + 4. Let x be t(3). What is u(x)?
5
Let h(b) = 4*b - 3. Let l be h(2). Suppose l*m - 11 - 14 = 0. Suppose -m*n = 21 - 1. Let c(d) = d**2 + 3*d + 4. Determine c(n).
8
Let w be (1*-3)/(-7 - -6). Let q(h) = -h**3 - 5*h**2 - w*h**3 - 2 + 2*h**3 + 3*h**3. Suppose 14 = 5*r - 11. Calculate q(r).
-2
Let r(h) = -3 - 5*h + h**2 + 2*h**2 - 2*h**2. Let t(s) = s**3 + 5*s**2 - 8*s + 1. Let c be t(-6). Let k = c - 8. What is r(k)?
-3
Suppose 3*t - 24 = -t. Suppose -21 = s - 5*d, -5*s - 2*d + 25 = -d. Let m(p) = 1 - p - p + s*p + t. What is m(-5)?
-3
Suppose n - 5*p - 19 = 0, p = -n + 2*n + 1. Let x(y) = -y**2 - 6*y + 8. Calculate x(n).
8
Let l(w) = w**3 - 2*w**2 + w - 1. Let k be 4/(-6) + 11/3. Let m = k - 1. Give l(m).
1
Let l(r) = r - 13. Suppose a + 29 = 4*a + 4*z, -4*a = z - 30. Let c be l(a). Let v(n) = -n**3 - 5*n**2 + 4*n - 5. Give v(c).
7
Let y(a) = 3*a**2 + 2*a + 1. Suppose 2 = c - 0*c. Suppose -c = -3*z + 3*t + 4, z - 7 = 2*t. Let p = 2 + z. What is y(p)?
2
Let s(n) = -3*n**2 + 2*n - 1. Let l(g) = 8*g**2 - 7*g + 4. Let o(v) = 2*l(v) + 7*s(v). Let t(u) = -u**3 - u**2 + 1. Let i be t(-1). Give o(i).
-4
Let z(v) = 2*v + 5. Suppose 2*q - 48 = -q + 4*x, 3 = -x. Let g = q + -17. What is z(g)?
-5
Let f be ((-5)/15)/(2/(-30)). Let t be (50/4)/f*-2. Let j(k) = -k - 1. Give j(t).
4
Suppose -h + 10 = 5. Suppose -h*k = -k. Let u(m) = m**3 - m**2 - 3. Calculate u(k).
-3
Let b(i) be the third derivative of -i**5/60 - i**4/8 - i**3/3 + 4*i**2 - 1. What is b(-3)?
-2
Let d(m) = -2*m + 1. Let f(w) = 4*w - 3. Suppose -k = -3, -5*j + 0*j - 2*k = 14. Let z(o) = j*f(o) - 7*d(o). Suppose 0 = 4*r + 1 - 17. Give z(r).
-3
Let q(u) = -u - 1. Let m(g) = -g**2 + 8*g. Let r(l) = -m(l) - q(l). Let t be r(7). Let o(y) = 2 - 4 + 6*y + 1. Give o(t).
5
Let b(l) be the first derivative of -7*l**2/2 + l + 7. Give b(1).
-6
Let t(r) = 2*r**2 - 5*r + 4. Let z(i) = i + 2. Let h be z(7). Let q = h - 6. Give t(q).
7
Let a be (-12)/(-10) + (-1)/5. Let v(u) be the first derivative of u**4 + u**3/3 - u**2/2 + 9. Calculate v(a).
4
Let r(j) be the second derivative of -7/2*j**2 - 1/3*j**3 + 0 - 4*j. Give r(-6).
5
Let r(b) be the first derivative of -b**3/3 - b**2/2 + 73. Determine r(-4).
-12
Let p(n) = 9*n**3 - 2*n**2 - 2*n - 1. Let r = 9 - 9. Suppose 4*d + 5*l + 16 - 2 = r, 0 = 2*d + 5*l + 12. Give p(d).
-10
Let x(r) = 2 + 5 + 3*r + 0. Calculate x(-8).
-17
Let o = -5 + 4. Let d = 4 + o. Let k(w) = -w**2 + w + 1. Give k(d).
-5
Let r(d) be the second derivative of -d**4/4 - d**3/3 + d**2/2 + 8*d. Give r(1).
-4
Let p(v) = -v - 12. Let n be 2/(2/12*3). Let z(q) = 3 + 2*q + 8 - n. Let a be z(-6). Give p(a).
-7
Let m = 1 + 1. Let h(n) = -3*n**2 - 5*n + 1 + m*n**2 - 3 + 0*n**2. Suppose 3 - 4 = -v, v + 14 = -5*q. What is h(q)?
4
Suppose 5*f - 2 = x + 8, -5*x + 4 = 2*f. Let n(l) = -l**2 - 2*l**2 - l + f*l**2 + 1. Suppose -13*w - 5 = -18. Calculate n(w).
-1
Let w(c) be the first derivative of c**4/4 - c**3 + c - 1. Let m(u) = -u**2 + 6*u - 7. Let p be m(5). Let h(v) = v**2 - 2. Let n be h(p). Give w(n).
-3
Suppose x - 1 = -0*x. Let b(q) = -x - 1 + 0*q - 2*q. Let u be 24/10 - (-8)/(-20). Give b(u).
-6
Let f(v) = -2*v**3 + v**2 - 2*v + 2. Let d(t) = t**3 - t**2 + t + 1. Let g(i) = d(i) + f(i). Calculate g(0).
3
Suppose 5*q = -10 - 5. Let k be (0 + 1/q)*-12. Suppose 11 + k = 3*r. Let l(h) = h**2 - 6*h. Give l(r).
-5
Let x(w) = -w**3 - 6*w**2 + 7*w + 5. Suppo